 and 6588.
1647
Calculate the greatest common factor of 112 and 247688.
56
What is the greatest common divisor of 190 and 5410?
10
Calculate the greatest common factor of 870 and 786.
6
Calculate the greatest common factor of 27 and 93519.
9
Calculate the highest common divisor of 28593 and 225.
9
What is the greatest common divisor of 1612 and 3276?
52
Calculate the highest common factor of 48 and 186.
6
What is the greatest common factor of 7966 and 658?
14
Calculate the highest common divisor of 4399616 and 832.
832
What is the greatest common factor of 760 and 34542?
38
What is the highest common divisor of 45423 and 4017?
309
Calculate the greatest common divisor of 1500 and 6690.
30
What is the highest common factor of 199821 and 6837?
129
Calculate the greatest common divisor of 74146 and 4.
2
Calculate the highest common divisor of 55822 and 2394.
38
Calculate the greatest common factor of 96945 and 5520.
345
What is the greatest common factor of 1862 and 308560?
266
What is the highest common factor of 8137 and 1957?
103
What is the highest common factor of 1780 and 500?
20
What is the greatest common factor of 9904 and 176?
16
What is the highest common divisor of 72 and 394936?
8
Calculate the greatest common factor of 467767 and 334.
167
What is the greatest common divisor of 10 and 68270?
10
Calculate the greatest common factor of 6324 and 8308.
124
What is the greatest common divisor of 94763 and 26023?
491
What is the highest common divisor of 72 and 13632?
24
What is the greatest common factor of 60 and 2874570?
30
Calculate the highest common factor of 1551 and 8448.
33
Calculate the highest common factor of 492 and 86.
2
What is the highest common factor of 7213 and 1?
1
What is the greatest common factor of 12209 and 29?
29
What is the highest common divisor of 225018 and 288912?
2778
Calculate the highest common divisor of 5160 and 30.
30
Calculate the greatest common factor of 21855 and 60.
15
What is the greatest common factor of 1246932 and 576?
36
What is the highest common divisor of 99135 and 135?
45
What is the greatest common divisor of 1585543 and 1099?
157
Calculate the greatest common factor of 143 and 49907.
143
Calculate the greatest common factor of 1986 and 3853502.
662
Calculate the greatest common divisor of 572572 and 42.
14
What is the greatest common divisor of 127 and 422783?
127
What is the highest common divisor of 556504 and 104?
104
Calculate the highest common divisor of 132 and 18625728.
132
What is the highest common factor of 49020 and 684?
228
Calculate the greatest common factor of 1099772 and 8.
4
What is the greatest common factor of 238579 and 92?
23
What is the greatest common divisor of 70 and 138020?
10
What is the highest common factor of 160 and 8278400?
160
What is the greatest common divisor of 518032 and 16?
16
What is the greatest common factor of 240350 and 20?
10
What is the greatest common divisor of 38706 and 6?
6
What is the highest common divisor of 140336 and 16?
16
Calculate the greatest common divisor of 15958 and 1818.
202
What is the greatest common divisor of 1034428 and 2?
2
Calculate the highest common factor of 156 and 30641.
13
Calculate the highest common factor of 11592 and 5768.
56
What is the highest common factor of 50629 and 394?
197
Calculate the highest common factor of 917120 and 2560.
640
What is the greatest common factor of 25382 and 637?
49
What is the greatest common factor of 1718 and 6665840?
1718
Calculate the highest common factor of 108092 and 61.
61
Calculate the highest common factor of 31936 and 10479.
499
What is the greatest common divisor of 1611742 and 10809?
1201
What is the highest common factor of 44 and 244?
4
What is the greatest common factor of 5304 and 34119?
51
Calculate the greatest common divisor of 24386 and 7654.
178
What is the greatest common factor of 1464 and 116022?
366
Calculate the greatest common factor of 444 and 42513.
111
Calculate the highest common divisor of 436 and 98.
2
Calculate the highest common factor of 787776 and 99.
33
What is the highest common divisor of 870 and 582?
6
Calculate the greatest common factor of 8981552 and 16.
16
What is the greatest common divisor of 58608 and 297?
99
Calculate the highest common factor of 450513 and 1281.
21
What is the greatest common divisor of 26 and 786617?
13
What is the highest common divisor of 312 and 672?
24
What is the greatest common divisor of 56 and 944552?
56
What is the highest common divisor of 124898 and 1182?
394
Calculate the highest common factor of 414 and 29118.
138
Calculate the greatest common factor of 45 and 76785.
15
What is the greatest common divisor of 12831 and 2806323?
1833
Calculate the greatest common factor of 1314 and 10026.
18
Calculate the highest common divisor of 59 and 421850.
59
Calculate the highest common divisor of 46 and 53245.
23
What is the highest common factor of 14 and 6704?
2
Calculate the highest common factor of 24727 and 14141.
79
What is the greatest common factor of 540315 and 10?
5
Calculate the greatest common divisor of 120 and 376185.
15
What is the greatest common divisor of 264 and 92488?
88
What is the greatest common divisor of 770470 and 10?
10
What is the highest common factor of 134794 and 968?
242
What is the greatest common divisor of 13260 and 1625?
65
What is the highest common divisor of 498 and 21?
3
What is the highest common factor of 4233 and 10047?
51
What is the highest common factor of 54288 and 533?
13
What is the highest common divisor of 26 and 442754?
26
What is the greatest common divisor of 19897 and 303?
101
Calculate the highest common factor of 122 and 1662982.
122
What is the greatest common factor of 91 and 2779?
7
Calculate the highest common factor of 67340 and 1456.
364
What is the highest common factor of 5096 and 72912?
392
What is the greatest common divisor of 1508 and 10608?
52
What is the highest common factor of 82 and 7093?
41
What is the greatest common divisor of 50320 and 19980?
740
What is the greatest common divisor of 1 and 17649?
1
Calculate the highest common factor of 36 and 12546.
18
What is the greatest common divisor of 2314520 and 1040?
520
Calculate the greatest common factor of 2090214 and 126.
126
What is the highest common divisor of 157522 and 34?
34
What is the highest common divisor of 1076 and 640?
4
What is the greatest common factor of 40775 and 21875?
175
What is the greatest common divisor of 2880 and 50580?
180
Calculate the highest common factor of 769657 and 1505.
301
What is the highest common factor of 145421 and 124?
31
Calculate the greatest common divisor of 67054 and 52.
26
What is the greatest common factor of 714 and 36876?
42
Calculate the highest common factor of 668099 and 718.
359
What is the greatest common divisor of 41 and 2623057?
41
What is the greatest common divisor of 9120 and 2430?
30
What is the highest common factor of 308529 and 29484?
1053
Calculate the highest common divisor of 2907 and 161500.
323
Calculate the greatest common divisor of 8325 and 19845.
45
Calculate the greatest common factor of 12961 and 754.
13
Calculate the highest common divisor of 155764 and 70.
14
What is the greatest common factor of 1017135 and 315?
315
Calculate the greatest common factor of 3925 and 25150.
25
Calculate the highest common factor of 5123 and 8225.
47
What is the greatest common divisor of 18357 and 319?
29
Calculate the highest common factor of 849 and 63109.
283
Calculate the greatest common factor of 112792 and 460.
92
Calculate the highest common factor of 57 and 81719.
19
What is the highest common factor of 1074115 and 49?
7
Calculate the highest common factor of 3 and 5199915.
3
Calculate the greatest common factor of 1973202 and 14.
14
Calculate the highest common divisor of 522 and 53070.
174
Calculate the greatest common factor of 22 and 129767.
11
Calculate the greatest common divisor of 24120 and 4230.
90
Calculate the greatest common factor of 40 and 356320.
40
What is the greatest common divisor of 14671 and 544?
17
What is the highest common factor of 264 and 2370?
6
What is the greatest common factor of 35 and 679511?
7
Calculate the greatest common factor of 36646 and 4518.
502
What is the highest common 